he prime factors of ((-12)/u)/((-6)/120)?
2
Let f(y) = -2*y**3 - 5*y**2 - y + 8. Let t be f(-3). Let d be (t/(-7))/((-4)/70). Suppose -5*x + d = -x + m, -10 = 5*m. List the prime factors of x.
13
What are the prime factors of (-1)/((-2)/34)*(29 - -452)?
13, 17, 37
Let n be 0 + (-8)/(-5) + (-4)/(-10). Suppose -2*y + c = -52 - 125, -n*c + 350 = 4*y. List the prime factors of (2 - -1)*(2 + y/6).
2, 5
Let d(h) = 5*h**2 - 4*h - 50. Let l(w) = 13*w**3 + 5*w**2 - 9*w + 4. Let u be l(1). List the prime factors of d(u).
743
Let b(m) = 6*m**2 + 41*m + 606. List the prime factors of b(-34).
2, 29, 53
Suppose 5*w + 5*a + 211 = 2916, 2*w - 3*a = 1057. Suppose 2*o + 120 = -w. Let k = o - -497. List the prime factors of k.
13
Let v(r) = 98*r**2 - 346*r - 8428. What are the prime factors of v(-26)?
2, 3, 29
Let g = 371 + -361. Suppose -2*l + 24 = 5*a, a + 2*l + 18 = 3*a. Suppose -g*q + 368 = -a*q. What are the prime factors of q?
2, 23
Suppose 2*o - 80942 = 3*a, 9*a - 80946 = -2*o + 14*a. What are the prime factors of o?
2, 67, 151
Let i = 731 + -737. What are the prime factors of ((-76)/i)/(4/384)?
2, 19
Let a = 15 - 23. List the prime factors of ((-12)/a)/(2/20)*5.
3, 5
Suppose 0*l + 5*a - 28 = -2*l, 0 = -3*a + 12. List the prime factors of l/22 + (-3518)/(-11).
2, 5
Let k = -234 + 105. Suppose -3*v - 281 = -4*v. Let z = k + v. What are the prime factors of z?
2, 19
Let w = 22504 + -12646. List the prime factors of w.
2, 3, 31, 53
Let o(d) = 76*d - 359. Let u be o(18). Suppose -x - 269 + u = 0. What are the prime factors of x?
2, 5, 37
Let r = -115 - -115. Let s(v) = 2*v + 422. What are the prime factors of s(r)?
2, 211
Suppose 3*y + f - 15 = 0, y - 19 = 3*f - 8*f. Suppose 4*l - 1612 = y*n, -3*n = 2*l - 7*n - 816. List the prime factors of l.
2, 199
Let p(w) = 17*w**2 - w - 90. Let m(q) = -q**2 + 14*q + 168. Let n be m(-8). List the prime factors of p(n).
2, 503
Let l(o) = -2619*o + 1812. List the prime factors of l(-8).
2, 3, 7, 271
Let m(i) = 2*i**3 - 33*i**2 - 29*i - 47. List the prime factors of m(19).
17, 71
Let m be 1*(-1 - 1)/2. Suppose -w + 5*z - 6*z - 9 = 0, 5*w + 2*z = -36. What are the prime factors of (-158)/w - m*(-8)/(-12)?
3
Suppose 31*v + 4*v = 373411 + 625699. What are the prime factors of v?
2, 7, 2039
Let t(s) = 167*s + 119. Let j(c) = -83*c - 60. Let m(z) = 13*j(z) + 6*t(z). Let g be m(-12). Suppose -g = -f - 10*f. List the prime factors of f.
2, 3, 13
Let v be (2/3)/((-22)/24 + 1). Suppose -v*i + 1252 = 340. Let t = -44 + i. What are the prime factors of t?
2, 5, 7
Suppose -5*c + 320 = 100. Suppose c*k - 2645 = 21*k. What are the prime factors of k?
5, 23
Let r(u) = 8*u**2 - u + 13. Suppose 4*o + 14 = 5*i, -4*i - 6 = 2. List the prime factors of r(o).
307
Let a(z) = z**3 + 5*z**2 - 12*z - 6. Let s be a(-8). Suppose -170 = 10*l - 9*l. Let d = s - l. What are the prime factors of d?
2, 17
Suppose -1 = s, 0*s - 1761 = 4*m + 5*s. Let x = 124 + m. What are the prime factors of ((-4)/(-5))/((-3)/x)?
2, 3, 7
Suppose -110*z = -105*z - 10. List the prime factors of z*335*(-12)/(-30).
2, 67
List the prime factors of -9 + 103987/(-39)*-3.
2, 5, 17, 47
Suppose 10737 = -11*j + 1046. Let g = j - -1429. What are the prime factors of g?
2, 137
Suppose -4*w + 3*t + 15739 = 0, -4*t + 9695 = 5*w - 10002. List the prime factors of w.
31, 127
Let z = 1029 - 229. Let d be (z/(-15))/8*-12. Suppose -d = -2*t - 8*t. What are the prime factors of t?
2
Let n(l) = l**3 - l**2 + 2*l - 6. Let j be n(0). Let u be 2/4*j - -346. Let c = u - 213. List the prime factors of c.
2, 5, 13
Suppose -7*l = -1806 - 56. Suppose -4*q - 3*o + 510 = -8*q, 2*q + l = -4*o. Let h = q + 265. What are the prime factors of h?
2, 17
List the prime factors of 1988/6*(-129 + 231).
2, 7, 17, 71
Suppose 163*r - 379*r = -178*r - 2875042. List the prime factors of r.
75659
Suppose -3*x - 11 = 2*g, 2*g - 3*x - 23 = -4. Suppose 0 = g*a + 4 - 26. Suppose -7*t = -a*t + 720. List the prime factors of t.
2, 3, 5
Let j(l) = 19*l + 214. Let g be j(36). Suppose -o = m - g, 2*o - 4*m = 938 + 858. What are the prime factors of o?
2, 449
Suppose -r + 133 = -418. Let a = -323 + r. What are the prime factors of a?
2, 3, 19
Suppose 92*d = 71*d + 112791. What are the prime factors of d?
41, 131
Let m be (7 - (-4 + 8))*39/9. Suppose -m*o + 27840 = 7*o. What are the prime factors of o?
2, 3, 29
Suppose -44*w = -53*w + 25155. Suppose -5*j - w = -5*s, -j + 2*j - 2 = 0. What are the prime factors of s?
3, 11, 17
List the prime factors of 692/(12/(-3168)*-6).
2, 11, 173
Suppose -71*d = -90*d + 181222. List the prime factors of d.
2, 19, 251
Suppose -3*t + 1378 = f - 278, -f - 5*t = -1656. Suppose 0*p - 4*p = x - 552, 3*x + 4*p = f. List the prime factors of x.
2, 3, 23
Let x(w) = -870*w**3 - 11*w**2 + 21*w + 121. List the prime factors of x(-3).
131, 179
Suppose -10*h + 462 + 668 = 0. Let k = 355 - h. List the prime factors of k.
2, 11
Let w = 28 - 32. What are the prime factors of (-15)/(-5) + w/6*-438?
5, 59
Let u(x) be the first derivative of x**3 - 14*x**2 - 5*x - 19. What are the prime factors of u(17)?
2, 193
Suppose -2*c - 3*t + 2 = 0, c - 5*t = -7*t. Suppose -i = c - 9. Suppose -5*r + 680 = 4*y, -2*r + 4*r - 867 = -i*y. What are the prime factors of y?
5, 7
Let a be (1 + 0)/(-1*(-7)/(-14)). Let y be (4/(4 + a))/(4/2088). Suppose p + 8*p - y = 0. What are the prime factors of p?
2, 29
Suppose -3691 = -57*v + 8507. What are the prime factors of v?
2, 107
Let l be (-2)/4 + 23562/36. Suppose 2*u + 14*h - l = 18*h, 0 = -5*u - h + 1657. List the prime factors of u.
331
Let h be (52/2)/(20/(-10)). Let t(o) = o**3 + 22*o**2 + 34*o - 37. List the prime factors of t(h).
2, 521
Let i(j) = 2*j**2 + 22*j - 11. Let l be i(-12). Suppose -186 = l*y - 14*y. List the prime factors of y.
2, 3, 31
Suppose -20*k - 4233 - 827 = 0. Let c = -209 - k. List the prime factors of c.
2, 11
What are the prime factors of 309 - (66/(-27)*-3 + (-4)/12)?
2, 151
Suppose 300246 = 26*v + 17808. What are the prime factors of v?
3, 17, 71
Let c = 2860 - 2501. What are the prime factors of c?
359
Suppose -9*h + 11030 = -6*h - 2*u, -11025 = -3*h - 3*u. List the prime factors of h.
2, 919
Suppose 2*a - 1344 = 4*a - 3882. What are the prime factors of a?
3, 47
Let c(p) = -42*p + 52. Let z be c(-40). Suppose -h + z = 3*h. List the prime factors of h.
433
Let z(i) = -i**2 - 2*i + 5. Suppose 3*s = -0*r - 4*r + 28, -2*r + 4*s = -14. Suppose r*b = 3*b. List the prime factors of z(b).
5
Let b(u) be the first derivative of 16*u**3/3 + u**2 - 38*u - 161. List the prime factors of b(8).
2, 3, 167
Let b be (-28 - -23) + (-9)/(-1). Suppose 184 = y + 2*x, -b*y + 383 = -3*x - 408. List the prime factors of y.
2, 97
Suppose 108 = 2*d + 36. Let k = d + -29. Suppose 4*c + 330 = k*c. List the prime factors of c.
2, 5, 11
Let j be (-1)/3 + 50/6. Suppose 2*i = 1441 + 589. Suppose i = j*n - n. List the prime factors of n.
5, 29
Suppose -6*h = -5*h - f + 3, -f = -4*h + 3. Suppose h*y + n + 4*n = 847, 1655 = 4*y - 3*n. What are the prime factors of y?
2, 13
Let g = -20 + 58. Let z = g - 33. Suppose -90 = -4*y + z*l, -3*y - 70 = -6*y + 5*l. List the prime factors of y.
2, 5
Suppose 4*o - 11 = -35. Let x(v) = 2 + 15 - 3*v**3 - 6*v**2 - 4 + 2*v**3. What are the prime factors of x(o)?
13
Suppose -3*g + 86*y = 88*y - 13623, 0 = -4*g - 5*y + 18150. What are the prime factors of g?
3, 5, 101
Let j be -4*(6/(-4))/3. Suppose -j*n + 6 = 4*l - 2*l, l + 5 = n. Suppose -6*c = n*c - 100. What are the prime factors of c?
2, 5
Let o = 1 - 1. Let y be (0/14)/8 - -3. Suppose o*f + y*f = 90. List the prime factors of f.
2, 3, 5
Let x(a) = -3*a**3 - a. Let p be x(-1). Suppose 2*g + 22 = p*j, 6 = 4*g + 2. List the prime factors of (550/(-30))/((-2)/j).
5, 11
Suppose -3*v + 238119 = 3*y, -5*y + 396844 = -220*v + 222*v. What are the prime factors of y?
2, 7, 5669
Suppose 0 = -49*z + 57*z - 16. Suppose -3*x + 3*b + 216 = 0, 18 - 166 = -z*x + 4*b. List the prime factors of x.
2, 5, 7
Let w = -1380 + 2967. Let q = -795 + w. List the prime factors of q.
2, 3, 11
Let n = -1837 + 3107. Let p = n + -607. What are the prime factors of p?
3, 13, 17
Suppose 70 = -5*y + 4*z - 3*z, 3*z + 75 = -4*y. List the prime factors of (-4)/(-60)*-2 - 6827/y.
5, 7, 13
Let x(y) = -104*y - 1142. What are the prime f